{"id":10,"date":"2016-09-01T20:18:19","date_gmt":"2016-09-01T23:18:19","guid":{"rendered":"https:\/\/www.ckcpecas.com.br\/site\/?page_id=10"},"modified":"2020-10-06T15:20:40","modified_gmt":"2020-10-06T18:20:40","slug":"inicio","status":"publish","type":"page","link":"https:\/\/www.ckcpecas.com.br\/site\/","title":{"rendered":"In\u00edcio"},"content":{"rendered":"<div class=\"advanced-slider\" id=\"slider-pro-1\" tabindex=\"0\" style=\"width: px; height: px;\">\n\t<div class=\"slides\">\n\t\t<div class=\"slide\" >\n\t\t\t<img decoding=\"async\" class=\"image\" src=\"https:\/\/www.ckcpecas.com.br\/site\/wp-content\/uploads\/2024\/07\/111111111.jpg\" alt=\"\"\/>\n\t\t\t<img decoding=\"async\" class=\"thumbnail\" src=\"https:\/\/www.ckcpecas.com.br\/site\/wp-content\/plugins\/slider-pro\/includes\/timthumb\/timthumb.php?q=95&amp;w=80&amp;h=50&amp;a=c&amp;zc=1&amp;src=https:\/\/www.ckcpecas.com.br\/site\/wp-content\/uploads\/2024\/07\/111111111.jpg\" alt=\"\"\/>\n\t\t<\/div>\n\t\t<div class=\"slide\" >\n\t\t\t<img decoding=\"async\" class=\"image\" src=\"https:\/\/www.ckcpecas.com.br\/site\/wp-content\/uploads\/2024\/07\/22222.jpg\" alt=\"\"\/>\n\t\t\t<img decoding=\"async\" class=\"thumbnail\" src=\"https:\/\/www.ckcpecas.com.br\/site\/wp-content\/plugins\/slider-pro\/includes\/timthumb\/timthumb.php?q=95&amp;w=80&amp;h=50&amp;a=c&amp;zc=1&amp;src=https:\/\/www.ckcpecas.com.br\/site\/wp-content\/uploads\/2024\/07\/22222.jpg\" alt=\"\"\/>\n\t\t<\/div>\n\t<\/div>\n<\/div>\n\n\n<div style=\"display: none;\">\n<p>distribuidor pe\u00e7as para empilhadeiras passo fundo maxloader passo fundo, pe\u00e7a em passo fundo, filtros, Passo Fundo RS, filtros e motores passo fundo<\/p>\n<h1>filtros em Passo Fundo,\u00a0pe\u00e7a passo fundo, maxloader passo fundo,<\/h1>\n<h2>filtros em passo fundo, distribuidor pe\u00e7as para empilhadeiras passo fundo e regi\u00e3o, maxloader passo fundo em passo fundo, filtros venda equipamentos motores passo fundo, distribuidor pe\u00e7as para empilhadeiras em passo fundo rs, filtros, para passo fundo e regi\u00e3o, filtros para passo fundo e regi\u00e3o\u00a0motores motores passo fundo de filtros em passo fundo, distribuidor pe\u00e7as para empilhadeiras passo fundo e regi\u00e3o, maxloader passo fundo em passo fundo, filtros venda equipamentos motores passo fundo, distribuidor pe\u00e7as para empilhadeiras em passo fundo rs, filtros,<a title=\"motores motores passo fundo de filtros em passo fundo, distribuidor pe\u00e7as para empilhadeiras passo fundo e regi\u00e3o, maxloader passo fundo em passo fundo, filtros venda equipamentos motores passo fundo, distribuidor pe\u00e7as para empilhadeiras em passo fundo rs, filtros, para passo fundo e regi\u00e3o, filtros para passo fundo e regi\u00e3o\" href=\"https:\/\/www.ckcpecas.com.br\">para passo fundo e regi\u00e3o, filtros para passo fundo e regi\u00e3o\u00a0motores motores passo fundo de filtros em passo fundo, distribuidor pe\u00e7as para empilhadeiras passo fundo e regi\u00e3o, maxloader passo fundo em passo fundo, filtros venda equipamentos motores passo fundo, distribuidor pe\u00e7as para empilhadeiras em passo fundo rs, filtros<\/a>, para passo fundo e regi\u00e3o, filtros para passo fundo e regi\u00e3o\u00a0motores motores passo fundo de filtros em passo fundo, distribuidor pe\u00e7as para empilhadeiras passo fundo e regi\u00e3o, maxloader passo fundo em passo fundo, filtros venda equipamentos motores passo fundo, distribuidor pe\u00e7as para empilhadeiras em passo fundo rs, filtros, para passo fundo e regi\u00e3o, filtros para passo fundo e regi\u00e3o\u00a0motores motores passo fundo de filtros em passo fundo, distribuidor pe\u00e7as para empilhadeiras passo fundo e regi\u00e3o, maxloader passo fundo em passo fundo, filtros venda equipamentos motores passo fundo, distribuidor pe\u00e7as para empilhadeiras em passo fundo rs, filtros, para passo fundo e regi\u00e3o,<a title=\"motores motores passo fundo de filtros em passo fundo, distribuidor pe\u00e7as para empilhadeiras passo fundo e regi\u00e3o, maxloader passo fundo em passo fundo, filtros venda equipamentos motores passo fundo, distribuidor pe\u00e7as para empilhadeiras em passo fundo rs, filtros, para passo fundo e regi\u00e3o, filtros para passo fundo e regi\u00e3o\" href=\"https:\/\/www.ckcpecas.com.br\/site\">filtros para passo fundo e regi\u00e3o\u00a0motores motores passo fundo de filtros em passo fundo, distribuidor pe\u00e7as para empilhadeiras passo fundo e regi\u00e3o, cria\u00e7\u00e3o de sit<\/a>es em passo fundo, filtros venda equipamentos motores passo fundo, distribuidor pe\u00e7as para empilhadeiras em passo fundo rs, filtros, para passo fundo e regi\u00e3o, filtros para passo fundo e regi\u00e3o<\/h2>\n<div id=\"attachment_747\" style=\"width: 353px\" class=\"wp-caption aligncenter\"><a href=\"https:\/\/www.ckcpecas.com.br\/site\/wp-content\/uploads\/2013\/06\/per\u00edcia-m\u00e9dica-passo-fundo-rs.jpg\"><img decoding=\"async\" aria-describedby=\"caption-attachment-747\" class=\"size-full wp-image-747 \" title=\"motores motores passo fundo de filtros em Passo Fundo\" src=\"https:\/\/www.ckcpecas.com.br\/site\/wp-content\/uploads\/2013\/06\/per\u00edcia-m\u00e9dica-passo-fundo-rs.jpg\" alt=\"motores motores passo fundo de filtros em Passo Fundo\" width=\"343\" height=\"300\" loading=\"lazy\" \/><\/a><p id=\"caption-attachment-747\" class=\"wp-caption-text\">motores motores passo fundo de filtros em Passo Fundo<\/p><\/div>\n<\/div>\n","protected":false},"excerpt":{"rendered":"<p>distribuidor pe\u00e7as para empilhadeiras passo fundo maxloader passo fundo, pe\u00e7a em passo fundo, filtros, Passo Fundo RS, filtros e motores passo fundo filtros em Passo Fundo,\u00a0pe\u00e7a passo fundo, maxloader passo fundo, filtros em passo fundo, distribuidor pe\u00e7as para empilhadeiras passo fundo e regi\u00e3o, maxloader passo fundo em passo fundo, filtros venda equipamentos motores passo fundo, [&hellip;]<\/p>\n","protected":false},"author":1,"featured_media":0,"parent":0,"menu_order":0,"comment_status":"closed","ping_status":"closed","template":"template-inicio.php","meta":{"footnotes":""},"class_list":["post-10","page","type-page","status-publish","hentry"],"_links":{"self":[{"href":"https:\/\/www.ckcpecas.com.br\/site\/wp-json\/wp\/v2\/pages\/10"}],"collection":[{"href":"https:\/\/www.ckcpecas.com.br\/site\/wp-json\/wp\/v2\/pages"}],"about":[{"href":"https:\/\/www.ckcpecas.com.br\/site\/wp-json\/wp\/v2\/types\/page"}],"author":[{"embeddable":true,"href":"https:\/\/www.ckcpecas.com.br\/site\/wp-json\/wp\/v2\/users\/1"}],"replies":[{"embeddable":true,"href":"https:\/\/www.ckcpecas.com.br\/site\/wp-json\/wp\/v2\/comments?post=10"}],"version-history":[{"count":14,"href":"https:\/\/www.ckcpecas.com.br\/site\/wp-json\/wp\/v2\/pages\/10\/revisions"}],"predecessor-version":[{"id":1316,"href":"https:\/\/www.ckcpecas.com.br\/site\/wp-json\/wp\/v2\/pages\/10\/revisions\/1316"}],"wp:attachment":[{"href":"https:\/\/www.ckcpecas.com.br\/site\/wp-json\/wp\/v2\/media?parent=10"}],"curies":[{"name":"wp","href":"https:\/\/api.w.org\/{rel}","templated":true}]}}